b(q) = -7*q**3 + 245*q**2 - 41*q + 859. Calculate b(35).
-576
Let z(n) = -n**2 - 1491*n + 22528. Calculate z(15).
-62
Let g(z) = -367*z**2 + 11014*z - 85. What is g(30)?
35
Let f(s) = -s**2 + 356*s - 3652. What is f(347)?
-529
Let o(x) = 59562*x - 714759. Determine o(12).
-15
Let g(v) = -4339*v - 18256. Determine g(-4).
-900
Let h(m) = -9*m**2 + 233*m - 1255. Give h(17).
105
Let n(j) = 21*j**3 + 5*j**2 - 14*j + 29. Calculate n(3).
599
Let q(l) = -13*l**2 + 815*l - 4865. Calculate q(56).
7
Let u(f) = -8*f**2 + 959*f - 9453. Calculate u(109).
30
Let b(p) = -6823*p**2 + 231981*p - 3. What is b(34)?
-37
Let l(f) = -82887*f - 828702. Give l(-10).
168
Let l(q) = 914*q**3 + 4537*q**2 - 139*q + 136. Determine l(-5).
6
Let f(s) = 224*s - 21700. Determine f(94).
-644
Let p(r) = -69*r + 13355. Give p(205).
-790
Let h(a) = -1063*a + 35917. Calculate h(34).
-225
Let v(y) = -10821*y + 53117. Give v(5).
-988
Let a(d) = -d**3 + 140*d**2 - 941*d + 1336. Determine a(133).
6
Let k(z) = 8127*z - 48740. What is k(6)?
22
Let q(c) = 85*c**2 + 68258*c + 2430. Determine q(-803).
21
Let n(r) = 55306*r - 221223. Calculate n(4).
1
Let v(p) = -p**2 + 758*p + 28558. Calculate v(-36).
-26
Let x(p) = -201685*p + 806738. What is x(4)?
-2
Let z(k) = 88*k - 1022. What is z(7)?
-406
Let s(x) = 2*x**3 - 145*x**2 - 9*x - 18. Calculate s(0).
-18
Let j(k) = 5272*k - 432328. What is j(82)?
-24
Let h(y) = y**3 + 14*y**2 - 90*y + 46. Determine h(-10).
1346
Let h(m) = -m**3 + 2*m**2 + 15*m + 29. Calculate h(-9).
785
Let r(f) = -f**3 - 43*f**2 + 6673*f + 96. Determine r(-106).
626
Let u(n) = -1114*n - 17745. Give u(-16).
79
Let o(g) = 2833*g - 198336. Calculate o(70).
-26
Let f(t) = 271*t + 32343. Give f(-119).
94
Let t(f) = 71*f**2 + 1076*f - 450. Determine t(-15).
-615
Let n(z) = -163*z**2 - 7178*z - 265. Calculate n(-44).
-1
Let s(l) = -174*l**2 + 2859*l - 2862. What is s(1)?
-177
Let n(t) = -452*t - 866. Calculate n(-2).
38
Let n(l) = l**3 - 8*l**2 - 135*l - 119. Determine n(18).
691
Let f(x) = -8*x**3 + 3*x**2 + 164*x + 686. Give f(-4).
590
Let q(h) = h**3 - 10*h**2 + 657*h - 5893. Calculate q(9).
-61
Let y(a) = -7*a**2 - 326*a - 783. Give y(-44).
9
Let b(a) = 2*a**2 - 375*a - 19838. Determine b(-43).
-15
Let o(j) = -14514*j - 609575. Give o(-42).
13
Let t(z) = -47040*z - 1034883. Determine t(-22).
-3
Let w(x) = -3282*x + 1132290. What is w(345)?
0
Let l(j) = 83*j**2 + 625*j - 664. Determine l(1).
44
Let a(h) = -85830*h - 38. Determine a(0).
-38
Let l(b) = -b**3 + 2020*b**2 + 16306*b - 166293. Calculate l(2028).
3
Let z(p) = -15*p**2 - 48*p + 75. Calculate z(14).
-3537
Let l(c) = -1136*c - 24727. What is l(-21)?
-871
Let j(v) = 110*v**2 - 2609*v - 114. What is j(26)?
6412
Let d(o) = 2*o**2 - 109*o - 79. What is d(66)?
1439
Let n(s) = 45979*s + 91771. Give n(-2).
-187
Let k(m) = -4*m**3 + 140*m**2 + 200*m - 6945. What is k(35)?
55
Let c(v) = 984456*v + 3937803. What is c(-4)?
-21
Let v(q) = 4*q**2 - 415*q - 4502. Determine v(113).
-321
Let m(d) = -d**3 + 535*d**2 - 4737*d + 1728. Determine m(526).
150
Let f(j) = -j**3 - 4*j**2 - 2188*j - 11002. Calculate f(-5).
-37
Let i(h) = h**3 - 168*h**2 + 657*h - 260. Give i(164).
-96
Let j(d) = -182*d + 2630. Determine j(15).
-100
Let m(u) = u**3 + 5845*u**2 - 17536*u - 24. Give m(3).
0
Let u(y) = y**2 + 2770*y - 30557. Determine u(11).
34
Let x(a) = 11*a**3 - 1222*a**2 - 2439*a - 1. What is x(-2)?
-99
Let y(g) = -10*g**3 + 144*g**2 + 26*g - 12. Give y(14).
1136
Let i(m) = -244*m + 82313. Determine i(339).
-403
Let m(u) = -7*u**3 + 9*u**2 - 26*u + 40. What is m(3)?
-146
Let u(q) = 4539*q - 77090. Calculate u(17).
73
Let q(m) = -5980*m + 23822. Determine q(4).
-98
Let u(n) = 11594013*n - 23188027. Calculate u(2).
-1
Let y(j) = j**2 - 315*j + 2794. Determine y(9).
40
Let d(l) = 9*l**2 + 12891*l - 90201. Give d(7).
477
Let n(d) = 147*d - 3691. What is n(25)?
-16
Let b(q) = q**3 + 149*q**2 - 1277*q - 3283. What is b(-157)?
14
Let p(v) = -60*v**2 - 13*v + 50. Calculate p(3).
-529
Let p(v) = 435*v + 9907. Determine p(-27).
-1838
Let j(k) = k**3 - 7*k**2 - k - 43. Calculate j(4).
-95
Let f(h) = -3*h**3 + 2109*h**2 - 6282*h - 50. Calculate f(3).
4
Let p(t) = -4*t**2 - 82*t - 56. What is p(-14)?
308
Let b(m) = 225*m**2 + 2368*m + 1194. What is b(-10)?
14
Let q(z) = 427*z - 1757. Calculate q(4).
-49
Let w(h) = h**3 + 43*h**2 + 192*h - 3423. Give w(-34).
453
Let m(z) = 103947*z + 1351288. Give m(-13).
-23
Let s(k) = k**2 + 4343*k + 43359. Calculate s(-10).
29
Let a(b) = b**3 - 3826*b + 34429. Determine a(9).
724
Let l(t) = 996*t - 10117. What is l(10)?
-157
Let i(v) = v**3 + 28*v**2 - 216*v + 15. What is i(-34)?
423
Let h(t) = t**2 - 125789*t - 5788394. What is h(-46)?
16
Let x(s) = -273057*s - 1911451. Determine x(-7).
-52
Let t(r) = 14*r**3 + 14*r**2 - 23*r - 4. Calculate t(2).
118
Let j(q) = 62*q**2 - 298*q + 545. Determine j(2).
197
Let y(x) = 1469*x + 616. Determine y(0).
616
Let q(n) = -58*n**2 + 3368*n + 71. What is q(58)?
303
Let g(z) = 157*z**3 + 2*z**2 - 1. Determine g(-1).
-156
Let i(s) = -2275*s**2 - 15909*s - 108. Determine i(-7).
-220
Let h(q) = q**3 - 11*q**2 + 87937*q - 87926. Calculate h(1).
1
Let c(y) = 3*y**3 + 8*y**2 - 14*y - 127. What is c(-8)?
-1039
Let z(r) = r**2 - 155*r + 1144. Give z(147).
-32
Let k(t) = -7406*t + 207415. Calculate k(28).
47
Let h(y) = -y**2 - 269*y - 9234. Give h(-44).
666
Let r(p) = 5993*p + 3110358. Give r(-519).
-9
Let p(r) = 2*r**2 - 80*r - 302. Give p(42).
-134
Let n(f) = -f**2 - 368302*f - 8102156. Determine n(-22).
4
Let l(g) = -1872*g**2 - 24330*g - 16. Calculate l(-13).
-94
Let c(t) = t**2 - 53579*t - 32. Determine c(0).
-32
Let i(j) = -8282*j - 7039699. What is i(-850)?
1
Let f(v) = -2128*v - 3648. Give f(-4).
4864
Let g(b) = 6565*b**2 - 137860*b - 3. What is g(21)?
102
Let g(q) = 1212*q**2 + 8469*q + 7. Determine g(-7).
112
Let o(c) = c**3 - 137*c**2 + 164*c - 22473. What is o(137)?
-5
Let z(b) = -17*b**3 - 6*b**2 - 85*b + 294. Calculate z(3).
-474
Let o(x) = 34*x**2 + 2122*x + 19166. Calculate o(-9).
2822
Let q(r) = 16*r**2 - 1348*r + 8685. What is q(7)?
33
Let y(t) = -1008*t + 215790. Calculate y(214).
78
Let w(o) = o**2 + 3838*o - 151237. Determine w(39).
-34
Let w(q) = 2*q**2 - 2012*q - 435196. Calculate w(-183).
-22
Let p(v) = -1606*v - 1070. Give p(0).
-1070
Let s(y) = 6762*y + 41898. What is s(-7)?
-5436
Let s(t) = 2*t**2 + 135*t + 1511. Give s(-14).
13
Let h(p) = p**2 + 1078*p + 234329. Give h(-776).
-23
Let i(d) = 79*d**2 + 370*d - 751. Give i(2).
305
Let o(a) = 24*a**3 - 1210*a**2 + 3643*a - 10. Give o(3).
677
Let h(a) = -a**3 - 1272*a**2 - 120446*a - 4025. What is h(-103)?
-8
Let k(b) = -12*b**3 - 144*b**2 + 38*b + 7. Give k(-12).
-449
Let b(d) = 16604*d - 114327. What is b(7)?
1901
Let u(v) = -711*v**2 + 12883*v - 1533. Calculate u(18).
-3
Let k(u) = -9*u**2 - 1108*u + 306180. Calculate k(-256).
4
Let x(l) = -21*l**2 - 1092*l + 2277. Determine x(-54).
9
Let l(g) = 314*g - 5091. Give l(18).
561
Let t(n) = 908*n + 284205. Determine t(-313).
1
Let x(s) = -1183*s - 23720. What is x(-24)?
4672
Let a(t) = -19721*t + 12877813. Calculate a(653).
0
Let r(o) = -1122*o - 76209. Calculate r(-68).
87
Let o(s) = -572*s**2 - 311166*s + 1073. Determine o(-544).
-15
Let k(c) = -2*c**3 + 3*c**2 + 221*c + 683. Give k(-4).
-25
Let u(m) = 2946*m + 50065. Give u(-17).
-17
Let x(u) = 3*u**3 - 69*u**2 + 356*u + 508. What is x(11)?
68
Let w(t) = 89*t**3 - 260*t**2 - 1028*t + 3069. Determine w(3).
48
Let s(l) = 6*l**3 + 90*l**2 + 118*l + 1766. What is s(-15)?
-4
Let p(w) = -4*w**3 + 1601*w**2 + 17671*w + 576. Give p(411).
-246
Let l(w) = -15238*w - 61738. Calculate l(-4).
-786
Let m(o) = -15*o**2 - 337*o + 74. What is m(-20)?
814
Let t(i) = i**3 + 24*i**2 - 40*i + 166. What is t(-26)?
-146
Let l(j) = 105*j**2 + 184*j - 715. Give l(4).
1701
Let t(v) = 103*v - 6464. What is t(62)?
-78
Let h(n) = -18327*n - 146616. Determine h(-8).
0
Let h(i) = -837*i - 64344. What is h(-77)?
105
Let j(d) = d**3 + 18*d**2 - 46*d - 668. Calculate j(-18).
160
Let n(u) = 6099*u - 103497. Determine n(17).
186
Let g(k) = -k**2 - 212*k + 1773. Determine g(8).
13
Let s(c) = -15597*c - 46328. Determine s(-3).
463
Let k(b) = b**2 + 92635*b - 4819725. Determine k(52).
-1
Let k(j) = -2*j**2 - 406*j + 53377. Give k(91).
-131
Let w(x) = -261*